ors of 194397?
3, 7, 9257
List the prime factors of 19080.
2, 3, 5, 53
List the prime factors of 168884.
2, 42221
What are the prime factors of 212165?
5, 42433
List the prime factors of 35527821.
3, 7, 89, 19009
What are the prime factors of 2443020?
2, 3, 5, 19, 2143
List the prime factors of 734719.
149, 4931
What are the prime factors of 15172487?
11, 71, 19427
List the prime factors of 2733539.
2733539
List the prime factors of 7086061.
7086061
What are the prime factors of 21668013?
3, 17, 47207
List the prime factors of 302079.
3, 100693
What are the prime factors of 568655?
5, 113731
What are the prime factors of 23980882?
2, 11990441
List the prime factors of 222956.
2, 139, 401
List the prime factors of 3172507.
13, 73, 3343
What are the prime factors of 3238248?
2, 3, 13, 97, 107
What are the prime factors of 143953?
143953
What are the prime factors of 2696413?
2696413
List the prime factors of 16140919.
16140919
What are the prime factors of 10761832?
2, 1345229
What are the prime factors of 20574750?
2, 3, 5, 7, 3919
What are the prime factors of 2893761?
3, 13, 24733
List the prime factors of 3938665.
5, 41, 19213
What are the prime factors of 32986780?
2, 5, 67, 103, 239
What are the prime factors of 5989888?
2, 11699
What are the prime factors of 3800904?
2, 3, 158371
What are the prime factors of 465964?
2, 116491
What are the prime factors of 929517?
3, 83, 3733
List the prime factors of 3276396.
2, 3, 23, 1319
List the prime factors of 10813461.
3, 59, 199, 307
What are the prime factors of 2831456?
2, 19, 4657
List the prime factors of 4100587.
17, 31, 251
What are the prime factors of 851365?
5, 41, 4153
What are the prime factors of 1515753?
3, 18713
List the prime factors of 5149025.
5, 7, 29423
List the prime factors of 8141087.
8141087
List the prime factors of 1810278.
2, 3, 163, 617
List the prime factors of 11062054.
2, 53, 79, 1321
What are the prime factors of 22487?
113, 199
List the prime factors of 612248.
2, 7, 13, 29
List the prime factors of 1593482.
2, 11, 72431
What are the prime factors of 177892?
2, 11, 13, 311
What are the prime factors of 2871616?
2, 11, 4079
What are the prime factors of 4646759?
13, 23, 15541
What are the prime factors of 3423894?
2, 3, 570649
List the prime factors of 715300.
2, 5, 23, 311
What are the prime factors of 1263334?
2, 631667
List the prime factors of 552758.
2, 313, 883
List the prime factors of 8062365.
3, 5, 19, 28289
List the prime factors of 729351.
3, 7, 17, 227
List the prime factors of 5095654.
2, 281, 9067
What are the prime factors of 60158?
2, 7, 4297
List the prime factors of 851901.
3, 59, 4813
What are the prime factors of 975162?
2, 3, 162527
What are the prime factors of 1014043?
29, 73, 479
List the prime factors of 736606.
2, 13, 41, 691
What are the prime factors of 3983307?
3, 1327769
What are the prime factors of 898466?
2, 227, 1979
What are the prime factors of 2545571?
7, 23, 97, 163
What are the prime factors of 3875977?
7, 43, 79, 163
What are the prime factors of 248383?
149, 1667
What are the prime factors of 74215?
5, 14843
List the prime factors of 2398404.
2, 3, 269, 743
List the prime factors of 168733.
31, 5443
List the prime factors of 332453.
11, 30223
What are the prime factors of 5567471?
7, 13, 193, 317
What are the prime factors of 13680787?
37, 369751
List the prime factors of 21600519.
3, 23, 367, 853
List the prime factors of 4639419.
3, 17, 30323
What are the prime factors of 858722?
2, 429361
List the prime factors of 1060162.
2, 19, 23, 1213
What are the prime factors of 271703?
271703
What are the prime factors of 13847?
61, 227
What are the prime factors of 25321380?
2, 3, 5, 7, 60289
What are the prime factors of 1128955?
5, 23, 9817
List the prime factors of 1245299.
11, 113209
What are the prime factors of 421963?
233, 1811
What are the prime factors of 3253127?
3253127
What are the prime factors of 6221302?
2, 3110651
What are the prime factors of 32343130?
2, 5, 19, 170227
List the prime factors of 11797817.
59, 359, 557
What are the prime factors of 3954297?
3, 1318099
List the prime factors of 952746.
2, 3, 158791
What are the prime factors of 97307?
7, 13901
What are the prime factors of 678194?
2, 11, 29, 1063
List the prime factors of 783515.
5, 156703
List the prime factors of 200929.
200929
List the prime factors of 12254923.
12254923
What are the prime factors of 3065924?
2, 131, 5851
List the prime factors of 232271.
13, 17, 1051
List the prime factors of 17696890.
2, 5, 23, 76943
List the prime factors of 1222335.
3, 5, 23, 1181
List the prime factors of 3880991.
271, 14321
What are the prime factors of 159927?
3, 53309
What are the prime factors of 577852?
2, 11, 23, 571
What are the prime factors of 1939026?
2, 3, 19, 73, 233
What are the prime factors of 668597?
439, 1523
What are the prime factors of 5714742?
2, 3, 11, 86587
What are the prime factors of 1842782?
2, 467, 1973
List the prime factors of 1593939.
3, 599, 887
List the prime factors of 644937.
3, 179, 1201
List the prime factors of 3164211.
3, 117193
What are the prime factors of 1202327?
7, 171761
What are the prime factors of 389875?
5, 3119
List the prime factors of 456648.
2, 3, 53, 359
What are the prime factors of 139093?
367, 379
What are the prime factors of 192511?
11, 37, 43
List the prime factors of 731113.
731113
List the prime factors of 2573492.
2, 643373
What are the prime factors of 2061439?
41, 137, 367
What are the prime factors of 23456126?
2, 1669, 7027
What are the prime factors of 1017068?
2, 13, 19559
What are the prime factors of 286719?
3, 31, 3083
What are the prime factors of 2563860?
2, 3, 5, 13, 19, 173
List the prime factors of 480900.
2, 3, 5, 7, 229
List the prime factors of 1002367.
37, 27091
What are the prime factors of 217499?
217499
List the prime factors of 18683734.
2, 2153, 4339
What are the prime factors of 5839179?
3, 29, 41, 1637
What are the prime factors of 2608927?
29, 89963
List the prime factors of 202594.
2, 7, 29, 499
List the prime factors of 237533.
179, 1327
List the prime factors of 4840726.
2, 11, 83, 241
List the prime factors of 111617.
11, 73, 139
What are the prime factors of 244437?
3, 59, 1381
What are the prime factors of 160272?
2, 3, 7, 53
List the prime factors of 10189280.
2, 5, 43, 1481
What are the prime factors of 18053034?
2, 3, 43, 167, 419
What are the prime factors of 9159926?
2, 4579963
What are the prime factors of 4291?
7, 613
List the prime factors of 373013.
113, 3301
List the prime factors of 4001904.
2, 3, 27791
List the prime factors of 28351.
28351
What are the prime factors of 935757?
3, 173, 601
What are the prime factors of 549065?
5, 11, 67, 149
What are the prime factors of 5335695?
3, 5, 118571
What are the prime factors of 212455?
5, 42491
What are the prime factors of 3788211?
3, 7, 180391
What are the prime factors of 12570076?
2, 3142519
What are the prime factors of 1952863?
11, 177533
List the prime factors of 5013041.
11, 31, 61, 241
List the prime factors of 39468444.
2, 3, 3289037
What are the prime factors of 6254592?
2, 3, 509
What are the prime factors of 2254706?
2, 37, 30469
What are the prime factors of 17417598?
2, 3, 11, 31, 8513
What are the prime factors of 88851?
3, 7, 4231
List the prime factors of 16719928.
2, 151, 13841
What are the prime factors of 146103?
3, 31, 1571
What are the prime factors of 291021?
3, 97007
List the prime factors of 3382173.
3, 23, 16339
What are the prime factors of 2273946?
2, 3, 37, 10243
What are the prime factors of 9462249?
3, 53, 83, 239
List the prime factors of 3947706.
2, 3, 7, 17, 19, 97
List the prime factors of 38493096.
2, 3, 41, 39119
What are the prime factors of 467619?
3, 17, 53, 173
What are the prime factors of 1694117?
463, 3659
List the prime factors of 94611.
3, 11, 47, 61
List the prime factors of 11927489.
7, 17, 113, 887
List the prime factors of 105081.
3, 35027
What are the prime factors of 4100827?
19, 215833
What are the prime factors of 954840?
2, 3, 5, 73, 109
List the prime factors of 2846559.
3, 948853
List the prime factors of 777633.
3, 259211
List the prime factors of 456224.
2, 53, 269
List the prime factors of 24013615.
5, 4802723
List the prime factors of 808020.
2,